t k(g) = -g**2 + 18*g - 37. Calculate the remainder when 44 is divided by k(15).
4
Suppose -4*q - 18 = -s, 0*s - 2*q + 2 = 5*s. Suppose s*d + 56 = 6*d. Let a = 44 - 17. Calculate the remainder when a is divided by d.
13
Suppose -g = 4*j - 434, -4*j + 2*g + g = -442. What is the remainder when j is divided by 28?
25
What is the remainder when 56*((-3)/6 + 1) is divided by 15?
13
Let y(r) = -2*r**3 + 2*r**2 + r - 4. Suppose -5*v + 95 = -5*o, 0 = -3*v - 2*o + 7*o + 51. What is the remainder when y(-3) is divided by v?
21
Suppose 25 = -2*i - 3*i, -4*p = i - 71. What is the remainder when 37 is divided by p?
18
Let g = 40 - 9. Calculate the remainder when g is divided by 16.
15
Suppose -3*z = -8 + 2. What is the remainder when 5 is divided by z?
1
Let b(m) = -m**2 - 3*m + 4. Let c(g) = g - 6. Let s be c(6). Let v = s + 11. Calculate the remainder when v is divided by b(-3).
3
Suppose 0 = -3*c - c + 228. Suppose 5*l + 0*j - 319 = -2*j, l = 3*j + c. What is the remainder when l is divided by (-4)/(2/(-8) + 0)?
15
Let c = 13 + -38. Let x = c + 43. What is the remainder when 52 is divided by x?
16
Suppose -5*w - 3*b = -260, -3*b = -0*w + 3*w - 162. What is the remainder when w is divided by 25?
24
Let j = 11 + -10. Calculate the remainder when 1 is divided by j.
0
Let g = -111 - -195. Let d = g + -53. Calculate the remainder when d is divided by 8.
7
Suppose 0 = -4*v - 5*z + 28, 6*z = -v + 3*z. What is the remainder when 33 is divided by v?
9
What is the remainder when 49 is divided by (((-39)/(-4))/(21/(-56)))/(-1)?
23
Let l = 23 + -18. Suppose 20 = l*r, -3*z = 4*r + r - 50. Calculate the remainder when 38 is divided by z.
8
Suppose 3 = -t + 18. What is the remainder when 28 is divided by t?
13
Suppose 3*k + h - 26 = 5*h, 40 = 2*k + 3*h. Calculate the remainder when k is divided by 5.
4
Let z(a) = 8*a. Let n be z(1). Let s = 18 - 13. What is the remainder when (2 + (-2 - -1))*n is divided by s?
3
Calculate the remainder when 111 is divided by (-2)/12 - 169/(-6).
27
Let r = 55 - -2. Suppose 2*w - 29 = w. Calculate the remainder when r is divided by w.
28
Let b(z) = 2*z - 9. Let k be b(8). Let p = k - 5. Suppose 0 = 4*t + 4*s - 48, -p*t + 7*s = 2*s - 38. Calculate the remainder when 39 is divided by t.
11
Let z be 9 - (-2 - 0/1). Let l = z + -46. What is the remainder when (-6 - l)/((-1)/(-2)) is divided by 20?
18
Suppose -2*s - h = s - 239, 4*s - 328 = h. What is the remainder when s is divided by 28?
25
Suppose 0*a + 6 = -2*a, -53 = -4*i - a. Let f(g) = -g**2 - 6*g - 7. Let y be f(-5). What is the remainder when (-4 - 0)/y - -38 is divided by i?
12
Let q(d) = 3*d**2 + 2*d - 4. Let g(m) = m**2 + 5*m + 2. Let l be g(-2). Let f = -1 - l. Calculate the remainder when q(f) is divided by 15.
14
Suppose 3 = -t + 2. Let v = 18 - t. Calculate the remainder when 73 is divided by v.
16
Calculate the remainder when 10 is divided by 2/((-20)/25*5/(-14)).
3
Let f(k) = -6*k - 23. Calculate the remainder when 271 is divided by f(-6).
11
Let v(u) = 2*u**2 + u - 18. What is the remainder when v(-7) is divided by 20?
13
Let u be (-3)/6*-6 + 8. Let j = 4 + u. What is the remainder when j is divided by 9?
6
Suppose 0*f = -2*f - 4, -2*j = -f - 136. What is the remainder when j is divided by 20?
7
Let a(z) be the first derivative of -z**4/2 - 2*z**3/3 + z**2/2 + 2*z + 1. What is the remainder when 15 is divided by a(-2)?
7
Suppose -2*s + 32 = 3*t + 4, 32 = 3*t - 2*s. Let d(g) = 2*g**2 - 4*g. Let j be d(3). Calculate the remainder when (0 - t/j)*-3 is divided by 3.
2
Let u = -12 + 31. What is the remainder when 51 is divided by u?
13
Suppose -2*r = b + 8, -8*r - 17 = 4*b - 3*r. Suppose -3*x + 4*x - 33 = -i, -3*x = -b*i - 79. What is the remainder when x is divided by 16?
13
Let a = 39 + -28. Let b(m) be the first derivative of -m**2/2 - m - 1. Calculate the remainder when a is divided by b(-5).
3
Let w(q) = q**2 - 2*q - 2. What is the remainder when 85 is divided by w(-4)?
19
Suppose 4*f - 4*t = t + 95, -4*t = -20. Suppose 2*q + q = -5*h + f, 2*q - 3*h - 1 = 0. What is the remainder when 18 is divided by q?
3
Let s(o) = -7*o. Suppose 2*m + 22 = -3*x - 0*x, 4*m - x + 16 = 0. Let q = 1 + m. Calculate the remainder when s(q) is divided by 10.
8
Let v = -133 + 243. What is the remainder when v is divided by 16?
14
Suppose -4*o = -o + 2*s - 25, -o - s = -7. Suppose o = r - 19. Suppose -n - n + 32 = 0. Calculate the remainder when r is divided by n.
14
Suppose -r - 5*l + 31 = 0, -l + 6*l - 53 = -3*r. Suppose -57 = -3*y - 9. Suppose -4*p + y + 8 = 0. What is the remainder when r is divided by p?
5
Let z = -16 + 38. Let p(u) = u**3 - 12*u**2 + 13*u - 10. Calculate the remainder when z is divided by p(11).
10
Let x = 1 - 5. Let t = 9 + x. Suppose -3*l - 60 = -5*m - 8*l, -2*m + 5*l + 3 = 0. What is the remainder when m is divided by t?
4
Let i = -3 - -8. Suppose -u + 16 = 3. Calculate the remainder when u is divided by i.
3
Suppose 4*o + o - 75 = 5*g, -g - 63 = -5*o. Let y(m) = 46*m**2 + 1. What is the remainder when y(-1) is divided by o?
11
Let q(g) = 12*g. Let f(h) = h**2 - 1. Let c(u) = -f(u) - q(u). Calculate the remainder when 33 is divided by c(-11).
9
Suppose 0 = 9*y - 104 - 31. What is the remainder when 88 is divided by y?
13
Suppose 5*y + 156 = 17*y. Suppose g = -1 + 2. What is the remainder when y is divided by (21/9)/(g/3)?
6
Let k = -11 + 15. What is the remainder when 9 is divided by k?
1
Suppose 19*l + 33 = 20*l. What is the remainder when l is divided by 9?
6
Let y = -20 + 86. Let c = -43 + y. What is the remainder when 43 is divided by c?
20
Suppose -2*q - 5*l - 4 = -10, -l - 26 = -3*q. Calculate the remainder when 31 is divided by q.
7
Let h = 15 - -3. Let y(l) = -11*l**3 - 2*l**2 - 2*l - 1. What is the remainder when h is divided by y(-1)?
8
Let n = 2 - 0. Suppose n - 42 = -5*v. What is the remainder when 14 is divided by v?
6
Let k = -66 - -98. Suppose -3*n = 4*p - k, 2*p = 4*n + p - 11. Suppose 5*t + 5*f - 79 = f, n*f + 35 = t. Calculate the remainder when t is divided by 7.
5
Let b = -20 - -19. Let q(h) = -13*h**3 - 2*h**2 + 1. What is the remainder when 59 is divided by q(b)?
11
Suppose -u - 2*u - 9 = k, 3*k + 5*u + 15 = 0. Suppose k = 4*i - 15 - 77. Calculate the remainder when i is divided by 12.
11
Calculate the remainder when (-4 + 1)*1 - -98 is divided by 14.
11
Let n be ((-5)/(-1))/(-1 + 0). Let q(c) = -c**2 - 9*c - 5. What is the remainder when ((-42)/5)/(6/(-20)) is divided by q(n)?
13
Let h(k) = k**2 - 7*k + 4. Let q be h(7). Suppose 0 = 2*i - 3*z + 10, 0*i - 4*z = q*i. Calculate the remainder when 4 is divided by (i/(-4))/(2/8).
0
Suppose -y + 28 + 344 = 5*p, 159 = 2*p - 3*y. Suppose p = f + 2*f. Calculate the remainder when 73 is divided by f.
23
Let u be -7 + -22 + 3*1. Let m = -16 - u. Calculate the remainder when 2*(-3)/((-12)/58) is divided by m.
9
Let f = 13 + -11. Suppose -2*z = -5*a + 4, 0*a - 8 = -f*z + 2*a. Let y = 7 - 2. What is the remainder when z is divided by y?
3
Let k(j) = 2*j - 14. Suppose 29 = m - z, 202 - 39 = 5*m + 4*z. What is the remainder when m is divided by k(11)?
7
Suppose 36 = -2*i + 116. Calculate the remainder when i is divided by 16.
8
Let q = 220 - 127. What is the remainder when q is divided by 16?
13
Let w(c) = 2*c**2 + 5*c**2 - 6*c - 6 - 4*c**2 - 2*c**2. Let k be w(-8). Suppose -4*o - 34 + k = 0. What is the remainder when 52 is divided by o?
16
Suppose 0 = -w + 2*r + 2, 9 = 4*w - 2*w + r. Suppose w*y - 3*y = 13. Suppose -2*s + 30 + 46 = 0. What is the remainder when s is divided by y?
12
Let i = 8 + 14. What is the remainder when 65 is divided by i?
21
Suppose -5 = o - 6*o. What is the remainder when 1 + (0/(-3))/o is divided by 1?
0
Suppose -5*p = -0*r - 2*r - 833, -5*p = 25. Let q = r - -605. What is the remainder when (-2)/(-5) + q/10 is divided by 10?
8
Let b be (0 + 3 + -5)/1. Calculate the remainder when 1*b + 255/5 is divided by 17.
15
Let t(n) = -n**3 - 10*n**2 + 3. Let w be t(-10). What is the remainder when 3 - ((4 - w) + -4) is divided by 5?
1
Let r(d) be the first derivative of -d**4/4 + 2*d**3 + 3*d**2/2 - d + 1. What is the remainder when r(6) is divided by 5?
2
Suppose -2*a - 3*j - 3 = 0, 0 = -5*j + 32 - 7. Let o(q) = q + 6. What is the remainder when (a/12)/(2/(-8)) is divided by o(-4)?
1
Suppos